d by h(3).
11
Let k = -2311 - -2375. What is the remainder when k is divided by 42?
22
Let t(y) = 17*y + 192. Let j be t(-12). What is the remainder when 1252/5 + j/(-20) is divided by 32?
27
Suppose -a + 3*k + 15 = 0, -a - a = 5*k + 3. Suppose -57 = -2*n - 7. Calculate the remainder when (-118)/(-4) - n/50 is divided by a.
5
Suppose 1285 = 215*u - 1131 + 911. Calculate the remainder when 307 is divided by u.
6
Let b = 159 + -221. Let u = b - -74. Calculate the remainder when 22 is divided by u.
10
Suppose -x = -5*x + 2*l + 28, 3*l + 12 = 0. Suppose 0*b - 3*b + 15 = z, 0 = 4*z - x*b - 145. Let c = z - -7. What is the remainder when c is divided by 20?
17
Let f(r) = r**2 - 68*r - 7889. Let x = -7 - -27. What is the remainder when f(-64) is divided by x?
19
Let t = 411 + -243. Suppose 142 + t = 10*y. Calculate the remainder when 120 is divided by y.
27
Suppose -4*d = -5*d + 5*r - 34, 5*d + 2*r + 143 = 0. Let q = d + 36. Suppose o = 2*o - 22. Calculate the remainder when o is divided by q.
1
Let p = 33571 + -32643. What is the remainder when p is divided by 54?
10
Let v = 178 + -189. Calculate the remainder when 36 is divided by (v/55 + 78/(-10))*-3.
12
Let o(a) = a**2 - a + 126. Let p be (-1)/(-2)*(6 - 6). Let g be o(p). Suppose 13*l - g = 4*l. Calculate the remainder when l is divided by 3.
2
Let f(z) = -239*z - 7039. What is the remainder when f(-40) is divided by 29?
27
Suppose -20839 + 9745 = -109*o + 14957. What is the remainder when o is divided by 11?
8
Let j(b) = -1169*b + 16459. What is the remainder when j(14) is divided by 1/3 - 876/(-18)?
44
Suppose -20*u = -2*p - 6, -2*p - 2*u = -5*u - 45. What is the remainder when 1726 is divided by p?
25
Let m = -11 - -4. Let t be (-14)/(-1*2 + m/(-7)). Let k = t + 18. Calculate the remainder when k is divided by 13.
6
Let c be 2*5/2 + 4 + -7. Let u(m) = 2*m**3 + 4. What is the remainder when 76 is divided by u(c)?
16
Let v = -2390 + 4483. What is the remainder when v is divided by 50?
43
Let z(r) = r**3 + 4*r**2 + r + 3. Let y be z(-4). Let c = -2389 - -2393. Calculate the remainder when c is divided by (4 + y)/(-4 + 5).
1
Let u = -161 - -194. Calculate the remainder when (2/(-6))/(u/(-8217)) is divided by 17.
15
Suppose 0 = -16*d + 44*d - 1260. Suppose -43*l + 174 = d. What is the remainder when 66 is divided by l?
0
Suppose 501*g = 243*g + 240*g + 3870. What is the remainder when g is divided by 92?
31
Suppose 6 - 3 = 3*w. Suppose 3*a + w = 13. What is the remainder when (-2)/((9/(-24))/3) is divided by a?
0
Let t be 156/10 + 6/(-10). Let c(a) = -a**3 + 16*a**2 + 17. Calculate the remainder when c(t) is divided by 27.
26
Let n(d) = -d**2 - d - 4. Suppose g - 14 = -12. Let s be n(g). What is the remainder when 5 + (s - -4) + 24 + 1 is divided by 7?
3
Calculate the remainder when 7 + (-16)/(-24) + ((-23536)/(-6))/2 is divided by 6.
1
Let w = -33 + 77. Suppose -2*d = -b + 149, 0 = 48*b - 32*b - 2*d - 2114. What is the remainder when b is divided by w?
43
Suppose -39*k - 336 = -31*k. Suppose 0 = -5*a + 51 + 74. Calculate the remainder when a is divided by (10/30)/(((-2)/k)/1).
4
Suppose -512*l = -558*l + 2714. What is the remainder when l is divided by 56?
3
Let c = 152 + -108. Let a = 48 - c. Suppose 2*s = -6, a*s + 34 = -2*y + 3*y. Calculate the remainder when 42 is divided by y.
20
Suppose -1958 = -3*n - 10*n + 382. What is the remainder when 515 is divided by n?
155
Suppose -5*l - 2*c = -1137, -43*l + 38*l - 3*c = -1143. Calculate the remainder when l is divided by (-1465)/(-20) + 2 - (-3)/4.
73
Suppose -1189 = -5*f - 2*p + 4946, 4*f + 3*p - 4901 = 0. Calculate the remainder when f is divided by 330.
239
Suppose -35*t - 13401 = -44*t. Let q = -770 + t. Calculate the remainder when q is divided by 20.
19
Suppose -7079 + 5605 = -11*k. What is the remainder when 148 is divided by k?
14
Suppose 5*x = 3*a + 128, -a = -2*x - 1 + 43. Let k be (57/((-513)/(-210)))/(4/(-6)). Let o = k - a. What is the remainder when o is divided by 8?
3
Let j(g) = -182*g + 821. Suppose 5*f + 10 = 130. Calculate the remainder when j(4) is divided by f.
21
Let c(y) = 7*y + 40. Let u be c(-5). What is the remainder when u + 388/12*3 is divided by 13?
11
Suppose 0 = -104*q + 102*q - 3*k + 524, 8*q - 2130 = 5*k. Calculate the remainder when 1577 is divided by q.
252
Let r(l) be the first derivative of -l**3/3 + 5*l**2/2 - 3*l + 3. Calculate the remainder when r(3) is divided by (-14)/2 - (-2 + -7).
1
Let c = 88 + -86. What is the remainder when 121 is divided by (-93)/c*(-5)/((-15)/(-4))?
59
Let k = 239 + -228. Let n(l) = l**3 - 11*l**2 + 11*l + 36. Calculate the remainder when n(k) is divided by 45.
22
Let n be 22*(-7 - 120/(-16)). Suppose n*x - 99 = 253. What is the remainder when 187 is divided by x?
27
Let q = 1416 - 940. What is the remainder when (60/(-80))/((-1)/q) is divided by 6?
3
Let h = -131 - -236. Let x = h + -102. Calculate the remainder when 1/(-3)*x*(-47 + 0) is divided by 13.
8
Let p(z) = -8*z - 135. What is the remainder when 4/(-50) + (-5604)/(-50) is divided by p(-18)?
4
Suppose -159*d + 1331 = -148*d. Calculate the remainder when 502 is divided by d.
18
Suppose 4*o - 3*o = y + 249, -y - 1245 = -5*o. Suppose -17*f + 210 = -o. What is the remainder when 127 is divided by f?
19
Let r(o) = -1149*o + 8094. Let f = 126 - -77. What is the remainder when f is divided by r(7)?
50
Let l(b) = b**3 - 23*b**2 + 119*b + 64. What is the remainder when 1406 is divided by l(16)?
174
Let i(p) = 7*p**3 - 10*p**2 + 8*p - 2. Let q(a) = 3*a**3 - a**2 + a - 1. Let n(o) = i(o) - 4*q(o). What is the remainder when 848 is divided by n(-3)?
67
Suppose 5*w + 2330 = 3*s, 0 = 2280*s - 2275*s - w - 3942. What is the remainder when s is divided by 356?
78
Let k be 186/6 - (0 - 2). Let i = 41 - k. Let c = i - -4. What is the remainder when 33 is divided by c?
9
Suppose -94*t + 95*t - 7 = 0. Suppose t = 3*l - 5*b, -2*b = -l + 3 - 0. Calculate the remainder when 96 - (0 - (-3 - l)) is divided by 32.
30
Suppose -27*i - 2*g = -26*i + 3, -4*i + g + 24 = 0. Suppose i*j = l + 1111, 5*l = 5*j - 6*j + 243. What is the remainder when j is divided by 47?
35
Suppose 147 = 57*d - 95 + 71. What is the remainder when 132 is divided by d?
0
Suppose 16 = -13*x + 15*x. What is the remainder when 44 is divided by (2/x)/((-3)/(-372))?
13
Let i = -220 - -307. Let z be (-6)/(5/((-220)/(-8))). Let x = z + 63. What is the remainder when i is divided by x?
27
Suppose 14*v = -0*v + 700. Let w = v - 45. Suppose -2*b - t + 10 = -4, -35 = -3*b - w*t. What is the remainder when 27 is divided by b?
2
Let z = -37 + 46. Suppose 3*l + 3*k - 186 = 0, 7*l = 4*l + 5*k + 202. Let i = -30 + l. What is the remainder when i is divided by z?
7
What is the remainder when 3613 is divided by 7*(-34 + -248)*(-2)/12?
323
Let j(s) = -s**3 + 8*s**2 + 16*s - 123. Let c be j(8). Suppose 0 = -24*l + 29*l - t - 287, 218 = 4*l + c*t. What is the remainder when 340 is divided by l?
55
Let h(k) = k**3 - k - 1. Let q(v) = 5*v**3 - 9*v**2 - 20*v + 5. Let t(l) = 6*h(l) - q(l). What is the remainder when t(-5) is divided by 4?
3
Suppose k - 7*k - 222 = 0. Let q = 54 + k. What is the remainder when 46 is divided by q?
12
Suppose -53*f + 1000 = -43*f. Suppose -6*c - f = -7*c - 2*n, 2*n = 0. What is the remainder when c is divided by 27?
19
Suppose 2*y - 2*r - 44 = 0, -y + 2*r = -10 - 12. Let c = 266 + -263. Suppose -75 = -c*v - 57. Calculate the remainder when y is divided by v.
4
Let o(c) = -110*c + 2422. What is the remainder when o(4) is divided by 71?
65
Suppose 4*n = j + 37, -791*j + 786*j - 25 = 0. What is the remainder when n is divided by -1 - (-9)/((-18)/(-8))?
2
What is the remainder when 236 is divided by 0 - -4 - (16 + 5 - 8)/(-1)?
15
Let v = 96 - 18. Let m(t) be the first derivative of t**3 + t**2/2 - 14*t + 37. What is the remainder when v is divided by m(3)?
14
What is the remainder when 3968 is divided by 132/7*(-245)/(-70)*(-7)/(-42)?
8
Suppose -10*y - 815 = -5*y. Let p = -32 + y. Calculate the remainder when (-1 - -37)/((p/(-20))/13) is divided by 5.
3
Let o = -328 - -396. What is the remainder when 553 is divided by o?
9
Suppose 0 = -4*p - 13*p + 39*p - 1650. Calculate the remainder when p is divided by 7.
5
Let x(p) = -69*p + 60. Let i be x(-7). Let z = i - 274. Calculat